{"id":30983,"date":"2021-07-15T09:49:04","date_gmt":"2021-07-15T08:49:04","guid":{"rendered":"https:\/\/motovunfilmfestival.com\/?post_type=film&#038;p=30983"},"modified":"2021-07-19T16:17:27","modified_gmt":"2021-07-19T15:17:27","slug":"factory-to-the-workers","status":"publish","type":"film","link":"https:\/\/cinehill.eu\/en\/film\/factory-to-the-workers\/","title":{"rendered":"Factory to the Workers"},"content":{"rendered":"\n<p>In 2005, ITAS factory in Ivanec was occupied by its workers who took over the management of the factory, thus becoming the only successful example of workers\u2019 self-management in the post-socialist Europe. Ten years later, the employees are struggling to survive in the world where the forces of the global market have increasingly devastating effects on the factory\u2019s operation \u2013 the wages are dwindling and the workers are not happy with the factory organization. The film\u2019s author Sr\u0111an Kova\u010devi\u0107 followed the workers and their efforts over a five-year period. It is a portrait of a community who joins forces to protect its labor and of the cost they are forced to pay on their way to that goal. The question remains: can a factory managed by its workers survive on the margins of capitalism or do we need a bigger dream?<\/p>\n\n\n\n<div style=\"height:20px\" aria-hidden=\"true\" class=\"wp-block-spacer\"><\/div>\n\n\n\n<p><strong>Sr\u0111an Kova\u010devi\u0107 (1982)<\/strong> is a director and cinematographer from Zagreb. In 2009, he earned a degree in Cinematography from the Academy of Dramatic Art in Zagreb. Since 2000, he has worked as a cameraman for various independent regional film and TV productions (Fade In, Pro.ba, Drugi plan, Factum, Restart, etc.). As a cinematographer and cameraman, he has made several documentary films, including <em>Kinofil<\/em> (2010) by Damir Jane\u010dek, <em>Naked Island<\/em> (2014) by Tiha Klara Gudac, <em>Days of Madness<\/em> (2018) by Damian Nenadi\u0107, and others. <em>Factory to the Workers<\/em> is his directorial feature debut.<\/p>\n\n\n\n<p>Thursday 29\/07 at 21:15, Cinema Billy<\/p>\n\n\n\n<div class=\"wp-block-buttons is-layout-flex wp-block-buttons-is-layout-flex\">\n<div class=\"wp-block-button\"><a class=\"wp-block-button__link\" href=\"https:\/\/www.mojekarte.hr\/en\/tvornice-radnicima-factory-to-the-workers\/tickets-594742.html\">BUY TICKETS<\/a><\/div>\n<\/div>\n","protected":false},"excerpt":{"rendered":"<p>In 2005, ITAS factory in Ivanec was occupied by its workers who took over the management of the factory, thus becoming the only successful example of workers\u2019 self-management in the post-socialist Europe. Ten years later, the employees are struggling to survive in the world where the forces of the global market have increasingly devastating effects [&hellip;]<\/p>\n","protected":false},"author":5,"featured_media":30980,"menu_order":25,"comment_status":"open","ping_status":"open","template":"","format":"standard","meta":{"_acf_changed":false,"_monsterinsights_skip_tracking":false,"_monsterinsights_sitenote_active":false,"_monsterinsights_sitenote_note":"","_monsterinsights_sitenote_category":0,"_view_id":"","footnotes":""},"kategorije_filmova":[260,259],"class_list":["post-30983","film","type-film","status-publish","format-standard","has-post-thumbnail","hentry","kategorije_filmova-main-program-mff-2021","kategorije_filmova-mff-2021-en"],"acf":[],"yoast_head":"<!-- This site is optimized with the Yoast SEO plugin v26.9 - https:\/\/yoast.com\/product\/yoast-seo-wordpress\/ -->\n<title>Factory to the Workers - Cinehill Film Festival<\/title>\n<meta name=\"robots\" content=\"index, follow, max-snippet:-1, max-image-preview:large, max-video-preview:-1\" \/>\n<link rel=\"canonical\" href=\"https:\/\/cinehill.eu\/en\/film\/factory-to-the-workers\/\" \/>\n<meta property=\"og:locale\" content=\"en_US\" \/>\n<meta property=\"og:type\" content=\"article\" \/>\n<meta property=\"og:title\" content=\"Factory to the Workers - Cinehill Film Festival\" \/>\n<meta property=\"og:description\" content=\"In 2005, ITAS factory in Ivanec was occupied by its workers who took over the management of the factory, thus becoming the only successful example of workers\u2019 self-management in the post-socialist Europe. Ten years later, the employees are struggling to survive in the world where the forces of the global market have increasingly devastating effects [&hellip;]\" \/>\n<meta property=\"og:url\" content=\"https:\/\/cinehill.eu\/en\/film\/factory-to-the-workers\/\" \/>\n<meta property=\"og:site_name\" content=\"Cinehill Film Festival\" \/>\n<meta property=\"article:publisher\" content=\"https:\/\/www.facebook.com\/MotovunFilmFestival\/\" \/>\n<meta property=\"article:modified_time\" content=\"2021-07-19T15:17:27+00:00\" \/>\n<meta property=\"og:image\" content=\"https:\/\/cinehill.eu\/wp-content\/uploads\/2021\/07\/FACTORIES_still3.png\" \/>\n\t<meta property=\"og:image:width\" content=\"1920\" \/>\n\t<meta property=\"og:image:height\" content=\"1080\" \/>\n\t<meta property=\"og:image:type\" content=\"image\/png\" \/>\n<meta name=\"twitter:card\" content=\"summary_large_image\" \/>\n<meta name=\"twitter:label1\" content=\"Est. reading time\" \/>\n\t<meta name=\"twitter:data1\" content=\"2 minutes\" \/>\n<script type=\"application\/ld+json\" class=\"yoast-schema-graph\">{\"@context\":\"https:\/\/schema.org\",\"@graph\":[{\"@type\":\"WebPage\",\"@id\":\"https:\/\/cinehill.eu\/en\/film\/factory-to-the-workers\/\",\"url\":\"https:\/\/cinehill.eu\/en\/film\/factory-to-the-workers\/\",\"name\":\"Factory to the Workers - Cinehill Film Festival\",\"isPartOf\":{\"@id\":\"https:\/\/cinehill.eu\/en\/#website\"},\"primaryImageOfPage\":{\"@id\":\"https:\/\/cinehill.eu\/en\/film\/factory-to-the-workers\/#primaryimage\"},\"image\":{\"@id\":\"https:\/\/cinehill.eu\/en\/film\/factory-to-the-workers\/#primaryimage\"},\"thumbnailUrl\":\"https:\/\/cinehill.eu\/wp-content\/uploads\/2021\/07\/FACTORIES_still3.png\",\"datePublished\":\"2021-07-15T08:49:04+00:00\",\"dateModified\":\"2021-07-19T15:17:27+00:00\",\"breadcrumb\":{\"@id\":\"https:\/\/cinehill.eu\/en\/film\/factory-to-the-workers\/#breadcrumb\"},\"inLanguage\":\"en-US\",\"potentialAction\":[{\"@type\":\"ReadAction\",\"target\":[\"https:\/\/cinehill.eu\/en\/film\/factory-to-the-workers\/\"]}]},{\"@type\":\"ImageObject\",\"inLanguage\":\"en-US\",\"@id\":\"https:\/\/cinehill.eu\/en\/film\/factory-to-the-workers\/#primaryimage\",\"url\":\"https:\/\/cinehill.eu\/wp-content\/uploads\/2021\/07\/FACTORIES_still3.png\",\"contentUrl\":\"https:\/\/cinehill.eu\/wp-content\/uploads\/2021\/07\/FACTORIES_still3.png\",\"width\":1920,\"height\":1080},{\"@type\":\"BreadcrumbList\",\"@id\":\"https:\/\/cinehill.eu\/en\/film\/factory-to-the-workers\/#breadcrumb\",\"itemListElement\":[{\"@type\":\"ListItem\",\"position\":1,\"name\":\"Po\u010detna stranica\",\"item\":\"https:\/\/cinehill.eu\/en\/\"},{\"@type\":\"ListItem\",\"position\":2,\"name\":\"Filmovi\",\"item\":\"https:\/\/cinehill.eu\/en\/Arhiva%20filmova\/\"},{\"@type\":\"ListItem\",\"position\":3,\"name\":\"Factory to the Workers\"}]},{\"@type\":\"WebSite\",\"@id\":\"https:\/\/cinehill.eu\/en\/#website\",\"url\":\"https:\/\/cinehill.eu\/en\/\",\"name\":\"Cinehill Film Festival\",\"description\":\"Cinehill je festival s du\u0161om!\",\"publisher\":{\"@id\":\"https:\/\/cinehill.eu\/en\/#organization\"},\"potentialAction\":[{\"@type\":\"SearchAction\",\"target\":{\"@type\":\"EntryPoint\",\"urlTemplate\":\"https:\/\/cinehill.eu\/en\/?s={search_term_string}\"},\"query-input\":{\"@type\":\"PropertyValueSpecification\",\"valueRequired\":true,\"valueName\":\"search_term_string\"}}],\"inLanguage\":\"en-US\"},{\"@type\":\"Organization\",\"@id\":\"https:\/\/cinehill.eu\/en\/#organization\",\"name\":\"Motovun film festival\",\"url\":\"https:\/\/cinehill.eu\/en\/\",\"logo\":{\"@type\":\"ImageObject\",\"inLanguage\":\"en-US\",\"@id\":\"https:\/\/cinehill.eu\/en\/#\/schema\/logo\/image\/\",\"url\":\"https:\/\/cinehill.eu\/wp-content\/uploads\/2019\/07\/znak-mff.png\",\"contentUrl\":\"https:\/\/cinehill.eu\/wp-content\/uploads\/2019\/07\/znak-mff.png\",\"width\":163,\"height\":164,\"caption\":\"Motovun film festival\"},\"image\":{\"@id\":\"https:\/\/cinehill.eu\/en\/#\/schema\/logo\/image\/\"},\"sameAs\":[\"https:\/\/www.facebook.com\/MotovunFilmFestival\/\"]}]}<\/script>\n<!-- \/ Yoast SEO plugin. -->","yoast_head_json":{"title":"Factory to the Workers - Cinehill Film Festival","robots":{"index":"index","follow":"follow","max-snippet":"max-snippet:-1","max-image-preview":"max-image-preview:large","max-video-preview":"max-video-preview:-1"},"canonical":"https:\/\/cinehill.eu\/en\/film\/factory-to-the-workers\/","og_locale":"en_US","og_type":"article","og_title":"Factory to the Workers - Cinehill Film Festival","og_description":"In 2005, ITAS factory in Ivanec was occupied by its workers who took over the management of the factory, thus becoming the only successful example of workers\u2019 self-management in the post-socialist Europe. Ten years later, the employees are struggling to survive in the world where the forces of the global market have increasingly devastating effects [&hellip;]","og_url":"https:\/\/cinehill.eu\/en\/film\/factory-to-the-workers\/","og_site_name":"Cinehill Film Festival","article_publisher":"https:\/\/www.facebook.com\/MotovunFilmFestival\/","article_modified_time":"2021-07-19T15:17:27+00:00","og_image":[{"width":1920,"height":1080,"url":"https:\/\/cinehill.eu\/wp-content\/uploads\/2021\/07\/FACTORIES_still3.png","type":"image\/png"}],"twitter_card":"summary_large_image","twitter_misc":{"Est. reading time":"2 minutes"},"schema":{"@context":"https:\/\/schema.org","@graph":[{"@type":"WebPage","@id":"https:\/\/cinehill.eu\/en\/film\/factory-to-the-workers\/","url":"https:\/\/cinehill.eu\/en\/film\/factory-to-the-workers\/","name":"Factory to the Workers - Cinehill Film Festival","isPartOf":{"@id":"https:\/\/cinehill.eu\/en\/#website"},"primaryImageOfPage":{"@id":"https:\/\/cinehill.eu\/en\/film\/factory-to-the-workers\/#primaryimage"},"image":{"@id":"https:\/\/cinehill.eu\/en\/film\/factory-to-the-workers\/#primaryimage"},"thumbnailUrl":"https:\/\/cinehill.eu\/wp-content\/uploads\/2021\/07\/FACTORIES_still3.png","datePublished":"2021-07-15T08:49:04+00:00","dateModified":"2021-07-19T15:17:27+00:00","breadcrumb":{"@id":"https:\/\/cinehill.eu\/en\/film\/factory-to-the-workers\/#breadcrumb"},"inLanguage":"en-US","potentialAction":[{"@type":"ReadAction","target":["https:\/\/cinehill.eu\/en\/film\/factory-to-the-workers\/"]}]},{"@type":"ImageObject","inLanguage":"en-US","@id":"https:\/\/cinehill.eu\/en\/film\/factory-to-the-workers\/#primaryimage","url":"https:\/\/cinehill.eu\/wp-content\/uploads\/2021\/07\/FACTORIES_still3.png","contentUrl":"https:\/\/cinehill.eu\/wp-content\/uploads\/2021\/07\/FACTORIES_still3.png","width":1920,"height":1080},{"@type":"BreadcrumbList","@id":"https:\/\/cinehill.eu\/en\/film\/factory-to-the-workers\/#breadcrumb","itemListElement":[{"@type":"ListItem","position":1,"name":"Po\u010detna stranica","item":"https:\/\/cinehill.eu\/en\/"},{"@type":"ListItem","position":2,"name":"Filmovi","item":"https:\/\/cinehill.eu\/en\/Arhiva%20filmova\/"},{"@type":"ListItem","position":3,"name":"Factory to the Workers"}]},{"@type":"WebSite","@id":"https:\/\/cinehill.eu\/en\/#website","url":"https:\/\/cinehill.eu\/en\/","name":"Cinehill Film Festival","description":"Cinehill je festival s du\u0161om!","publisher":{"@id":"https:\/\/cinehill.eu\/en\/#organization"},"potentialAction":[{"@type":"SearchAction","target":{"@type":"EntryPoint","urlTemplate":"https:\/\/cinehill.eu\/en\/?s={search_term_string}"},"query-input":{"@type":"PropertyValueSpecification","valueRequired":true,"valueName":"search_term_string"}}],"inLanguage":"en-US"},{"@type":"Organization","@id":"https:\/\/cinehill.eu\/en\/#organization","name":"Motovun film festival","url":"https:\/\/cinehill.eu\/en\/","logo":{"@type":"ImageObject","inLanguage":"en-US","@id":"https:\/\/cinehill.eu\/en\/#\/schema\/logo\/image\/","url":"https:\/\/cinehill.eu\/wp-content\/uploads\/2019\/07\/znak-mff.png","contentUrl":"https:\/\/cinehill.eu\/wp-content\/uploads\/2019\/07\/znak-mff.png","width":163,"height":164,"caption":"Motovun film festival"},"image":{"@id":"https:\/\/cinehill.eu\/en\/#\/schema\/logo\/image\/"},"sameAs":["https:\/\/www.facebook.com\/MotovunFilmFestival\/"]}]}},"_links":{"self":[{"href":"https:\/\/cinehill.eu\/en\/wp-json\/wp\/v2\/film\/30983","targetHints":{"allow":["GET"]}}],"collection":[{"href":"https:\/\/cinehill.eu\/en\/wp-json\/wp\/v2\/film"}],"about":[{"href":"https:\/\/cinehill.eu\/en\/wp-json\/wp\/v2\/types\/film"}],"author":[{"embeddable":true,"href":"https:\/\/cinehill.eu\/en\/wp-json\/wp\/v2\/users\/5"}],"replies":[{"embeddable":true,"href":"https:\/\/cinehill.eu\/en\/wp-json\/wp\/v2\/comments?post=30983"}],"version-history":[{"count":3,"href":"https:\/\/cinehill.eu\/en\/wp-json\/wp\/v2\/film\/30983\/revisions"}],"predecessor-version":[{"id":31728,"href":"https:\/\/cinehill.eu\/en\/wp-json\/wp\/v2\/film\/30983\/revisions\/31728"}],"wp:featuredmedia":[{"embeddable":true,"href":"https:\/\/cinehill.eu\/en\/wp-json\/wp\/v2\/media\/30980"}],"wp:attachment":[{"href":"https:\/\/cinehill.eu\/en\/wp-json\/wp\/v2\/media?parent=30983"}],"wp:term":[{"taxonomy":"kategorije_filmova","embeddable":true,"href":"https:\/\/cinehill.eu\/en\/wp-json\/wp\/v2\/kategorije_filmova?post=30983"}],"curies":[{"name":"wp","href":"https:\/\/api.w.org\/{rel}","templated":true}]}}

<p>In 2005, ITAS factory in Ivanec was occupied by its workers who took over the management of the factory, thus becoming the only successful example of workers’ self-management in the post-socialist Europe. Ten years later, the employees are struggling to survive in the world where the forces of the global market have increasingly devastating effects on the factory’s operation – the wages are dwindling and the workers are not happy with the factory organization. The film’s author Srđan Kovačević followed the workers and their efforts over a five-year period. It is a portrait of a community who joins forces to protect its labor and of the cost they are forced to pay on their way to that goal. The question remains: can a factory managed by its workers survive on the margins of capitalism or do we need a bigger dream?</p>



<div style="height:20px" aria-hidden="true" class="wp-block-spacer"></div>



<p><strong>Srđan Kovačević (1982)</strong> is a director and cinematographer from Zagreb. In 2009, he earned a degree in Cinematography from the Academy of Dramatic Art in Zagreb. Since 2000, he has worked as a cameraman for various independent regional film and TV productions (Fade In, Pro.ba, Drugi plan, Factum, Restart, etc.). As a cinematographer and cameraman, he has made several documentary films, including <em>Kinofil</em> (2010) by Damir Janeček, <em>Naked Island</em> (2014) by Tiha Klara Gudac, <em>Days of Madness</em> (2018) by Damian Nenadić, and others. <em>Factory to the Workers</em> is his directorial feature debut.</p>



<p>Thursday 29/07 at 21:15, Cinema Billy</p>



<div class="wp-block-buttons is-layout-flex wp-block-buttons-is-layout-flex">
<div class="wp-block-button"><a class="wp-block-button__link" href="https://www.mojekarte.hr/en/tvornice-radnicima-factory-to-the-workers/tickets-594742.html">BUY TICKETS</a></div>
</div>

<!-- This site is optimized with the Yoast SEO plugin v26.9 - https://yoast.com/product/yoast-seo-wordpress/ -->
<title>Factory to the Workers - Cinehill Film Festival</title>
<meta name="robots" content="index, follow, max-snippet:-1, max-image-preview:large, max-video-preview:-1" />
<link rel="canonical" href="https://cinehill.eu/en/film/factory-to-the-workers/" />
<meta property="og:locale" content="en_US" />
<meta property="og:type" content="article" />
<meta property="og:title" content="Factory to the Workers - Cinehill Film Festival" />
<meta property="og:description" content="In 2005, ITAS factory in Ivanec was occupied by its workers who took over the management of the factory, thus becoming the only successful example of workers’ self-management in the post-socialist Europe. Ten years later, the employees are struggling to survive in the world where the forces of the global market have increasingly devastating effects [&hellip;]" />
<meta property="og:url" content="https://cinehill.eu/en/film/factory-to-the-workers/" />
<meta property="og:site_name" content="Cinehill Film Festival" />
<meta property="article:publisher" content="https://www.facebook.com/MotovunFilmFestival/" />
<meta property="article:modified_time" content="2021-07-19T15:17:27+00:00" />
<meta property="og:image" content="https://cinehill.eu/wp-content/uploads/2021/07/FACTORIES_still3.png" />
	<meta property="og:image:width" content="1920" />
	<meta property="og:image:height" content="1080" />
	<meta property="og:image:type" content="image/png" />
<meta name="twitter:card" content="summary_large_image" />
<meta name="twitter:label1" content="Est. reading time" />
	<meta name="twitter:data1" content="2 minutes" />
<script type="application/ld+json" class="yoast-schema-graph">{"@context":"https://schema.org","@graph":[{"@type":"WebPage","@id":"https://cinehill.eu/en/film/factory-to-the-workers/","url":"https://cinehill.eu/en/film/factory-to-the-workers/","name":"Factory to the Workers - Cinehill Film Festival","isPartOf":{"@id":"https://cinehill.eu/en/#website"},"primaryImageOfPage":{"@id":"https://cinehill.eu/en/film/factory-to-the-workers/#primaryimage"},"image":{"@id":"https://cinehill.eu/en/film/factory-to-the-workers/#primaryimage"},"thumbnailUrl":"https://cinehill.eu/wp-content/uploads/2021/07/FACTORIES_still3.png","datePublished":"2021-07-15T08:49:04+00:00","dateModified":"2021-07-19T15:17:27+00:00","breadcrumb":{"@id":"https://cinehill.eu/en/film/factory-to-the-workers/#breadcrumb"},"inLanguage":"en-US","potentialAction":[{"@type":"ReadAction","target":["https://cinehill.eu/en/film/factory-to-the-workers/"]}]},{"@type":"ImageObject","inLanguage":"en-US","@id":"https://cinehill.eu/en/film/factory-to-the-workers/#primaryimage","url":"https://cinehill.eu/wp-content/uploads/2021/07/FACTORIES_still3.png","contentUrl":"https://cinehill.eu/wp-content/uploads/2021/07/FACTORIES_still3.png","width":1920,"height":1080},{"@type":"BreadcrumbList","@id":"https://cinehill.eu/en/film/factory-to-the-workers/#breadcrumb","itemListElement":[{"@type":"ListItem","position":1,"name":"Početna stranica","item":"https://cinehill.eu/en/"},{"@type":"ListItem","position":2,"name":"Filmovi","item":"https://cinehill.eu/en/Arhiva%20filmova/"},{"@type":"ListItem","position":3,"name":"Factory to the Workers"}]},{"@type":"WebSite","@id":"https://cinehill.eu/en/#website","url":"https://cinehill.eu/en/","name":"Cinehill Film Festival","description":"Cinehill je festival s dušom!","publisher":{"@id":"https://cinehill.eu/en/#organization"},"potentialAction":[{"@type":"SearchAction","target":{"@type":"EntryPoint","urlTemplate":"https://cinehill.eu/en/?s={search_term_string}"},"query-input":{"@type":"PropertyValueSpecification","valueRequired":true,"valueName":"search_term_string"}}],"inLanguage":"en-US"},{"@type":"Organization","@id":"https://cinehill.eu/en/#organization","name":"Motovun film festival","url":"https://cinehill.eu/en/","logo":{"@type":"ImageObject","inLanguage":"en-US","@id":"https://cinehill.eu/en/#/schema/logo/image/","url":"https://cinehill.eu/wp-content/uploads/2019/07/znak-mff.png","contentUrl":"https://cinehill.eu/wp-content/uploads/2019/07/znak-mff.png","width":163,"height":164,"caption":"Motovun film festival"},"image":{"@id":"https://cinehill.eu/en/#/schema/logo/image/"},"sameAs":["https://www.facebook.com/MotovunFilmFestival/"]}]}</script>
<!-- / Yoast SEO plugin. -->

Početna stranica

Cinehill je festival s dušom!
