{"id":30963,"date":"2021-07-14T14:11:02","date_gmt":"2021-07-14T13:11:02","guid":{"rendered":"https:\/\/motovunfilmfestival.com\/?post_type=ajde_events&#038;p=30963"},"modified":"2021-07-20T11:37:18","modified_gmt":"2021-07-20T10:37:18","slug":"the-family","status":"publish","type":"ajde_events","link":"https:\/\/cinehill.eu\/en\/raspored\/the-family\/","title":{"rendered":"THE FAMILY ep. 5"},"content":{"rendered":"\n<p>Controversial TV series focused on the three last days preceding the arrest of Serbia\u2019s former president Slobodan Milo\u0161evi\u0107. The members and friends of the family are trapped in a villa in Belgrade\u2019s luxurious district, surrounded by police, reporters, and protesters. Having lost control over the situation, the family is trying to overcome the crisis before their inevitable fall. Milo\u0161evi\u0107 and his wife are played by Boris Isakovi\u0107 (<em>Quo Vadis, Aida?<\/em>, <em>Mu\u0161karci ne pla\u010du<\/em>) and Mirjana Karanovi\u0107 (<em>Gospo\u0111ica<\/em>, <em>Grbavica<\/em>, <em>Mare<\/em>).<\/p>\n","protected":false},"author":5,"featured_media":30142,"menu_order":229,"comment_status":"open","ping_status":"closed","template":"","meta":{"_acf_changed":false,"_monsterinsights_skip_tracking":false,"_monsterinsights_sitenote_active":false,"_monsterinsights_sitenote_note":"","_monsterinsights_sitenote_category":0,"_view_id":""},"tags":[],"event_type":[],"event_type_2":[],"class_list":["post-30963","ajde_events","type-ajde_events","status-publish","has-post-thumbnail","hentry","event_location-mak-en"],"acf":[],"yoast_head":"<!-- This site is optimized with the Yoast SEO plugin v26.9 - https:\/\/yoast.com\/product\/yoast-seo-wordpress\/ -->\n<title>THE FAMILY ep. 5 - Cinehill Film Festival<\/title>\n<meta name=\"robots\" content=\"index, follow, max-snippet:-1, max-image-preview:large, max-video-preview:-1\" \/>\n<link rel=\"canonical\" href=\"https:\/\/cinehill.eu\/en\/raspored\/the-family\/\" \/>\n<meta property=\"og:locale\" content=\"en_US\" \/>\n<meta property=\"og:type\" content=\"article\" \/>\n<meta property=\"og:title\" content=\"THE FAMILY ep. 5 - Cinehill Film Festival\" \/>\n<meta property=\"og:description\" content=\"Controversial TV series focused on the three last days preceding the arrest of Serbia\u2019s former president Slobodan Milo\u0161evi\u0107. The members and friends of the family are trapped in a villa in Belgrade\u2019s luxurious district, surrounded by police, reporters, and protesters. Having lost control over the situation, the family is trying to overcome the crisis before [&hellip;]\" \/>\n<meta property=\"og:url\" content=\"https:\/\/cinehill.eu\/en\/raspored\/the-family\/\" \/>\n<meta property=\"og:site_name\" content=\"Cinehill Film Festival\" \/>\n<meta property=\"article:publisher\" content=\"https:\/\/www.facebook.com\/MotovunFilmFestival\/\" \/>\n<meta property=\"article:modified_time\" content=\"2021-07-20T10:37:18+00:00\" \/>\n<meta property=\"og:image\" content=\"https:\/\/cinehill.eu\/wp-content\/uploads\/2021\/07\/TheFamily_10-scaled.jpg\" \/>\n\t<meta property=\"og:image:width\" content=\"2560\" \/>\n\t<meta property=\"og:image:height\" content=\"1440\" \/>\n\t<meta property=\"og:image:type\" content=\"image\/jpeg\" \/>\n<meta name=\"twitter:card\" content=\"summary_large_image\" \/>\n<meta name=\"twitter:label1\" content=\"Est. reading time\" \/>\n\t<meta name=\"twitter:data1\" content=\"1 minute\" \/>\n<script type=\"application\/ld+json\" class=\"yoast-schema-graph\">{\"@context\":\"https:\/\/schema.org\",\"@graph\":[{\"@type\":\"WebPage\",\"@id\":\"https:\/\/cinehill.eu\/en\/raspored\/the-family\/\",\"url\":\"https:\/\/cinehill.eu\/en\/raspored\/the-family\/\",\"name\":\"THE FAMILY ep. 5 - Cinehill Film Festival\",\"isPartOf\":{\"@id\":\"https:\/\/cinehill.eu\/en\/#website\"},\"primaryImageOfPage\":{\"@id\":\"https:\/\/cinehill.eu\/en\/raspored\/the-family\/#primaryimage\"},\"image\":{\"@id\":\"https:\/\/cinehill.eu\/en\/raspored\/the-family\/#primaryimage\"},\"thumbnailUrl\":\"https:\/\/cinehill.eu\/wp-content\/uploads\/2021\/07\/TheFamily_10-scaled.jpg\",\"datePublished\":\"2021-07-14T13:11:02+00:00\",\"dateModified\":\"2021-07-20T10:37:18+00:00\",\"breadcrumb\":{\"@id\":\"https:\/\/cinehill.eu\/en\/raspored\/the-family\/#breadcrumb\"},\"inLanguage\":\"en-US\",\"potentialAction\":[{\"@type\":\"ReadAction\",\"target\":[\"https:\/\/cinehill.eu\/en\/raspored\/the-family\/\"]}]},{\"@type\":\"ImageObject\",\"inLanguage\":\"en-US\",\"@id\":\"https:\/\/cinehill.eu\/en\/raspored\/the-family\/#primaryimage\",\"url\":\"https:\/\/cinehill.eu\/wp-content\/uploads\/2021\/07\/TheFamily_10-scaled.jpg\",\"contentUrl\":\"https:\/\/cinehill.eu\/wp-content\/uploads\/2021\/07\/TheFamily_10-scaled.jpg\",\"width\":2560,\"height\":1440},{\"@type\":\"BreadcrumbList\",\"@id\":\"https:\/\/cinehill.eu\/en\/raspored\/the-family\/#breadcrumb\",\"itemListElement\":[{\"@type\":\"ListItem\",\"position\":1,\"name\":\"Po\u010detna stranica\",\"item\":\"https:\/\/cinehill.eu\/en\/\"},{\"@type\":\"ListItem\",\"position\":2,\"name\":\"Rasporedi\",\"item\":\"https:\/\/cinehill.eu\/en\/raspored\/\"},{\"@type\":\"ListItem\",\"position\":3,\"name\":\"THE FAMILY ep. 5\"}]},{\"@type\":\"WebSite\",\"@id\":\"https:\/\/cinehill.eu\/en\/#website\",\"url\":\"https:\/\/cinehill.eu\/en\/\",\"name\":\"Cinehill Film Festival\",\"description\":\"Cinehill je festival s du\u0161om!\",\"publisher\":{\"@id\":\"https:\/\/cinehill.eu\/en\/#organization\"},\"potentialAction\":[{\"@type\":\"SearchAction\",\"target\":{\"@type\":\"EntryPoint\",\"urlTemplate\":\"https:\/\/cinehill.eu\/en\/?s={search_term_string}\"},\"query-input\":{\"@type\":\"PropertyValueSpecification\",\"valueRequired\":true,\"valueName\":\"search_term_string\"}}],\"inLanguage\":\"en-US\"},{\"@type\":\"Organization\",\"@id\":\"https:\/\/cinehill.eu\/en\/#organization\",\"name\":\"Motovun film festival\",\"url\":\"https:\/\/cinehill.eu\/en\/\",\"logo\":{\"@type\":\"ImageObject\",\"inLanguage\":\"en-US\",\"@id\":\"https:\/\/cinehill.eu\/en\/#\/schema\/logo\/image\/\",\"url\":\"https:\/\/cinehill.eu\/wp-content\/uploads\/2019\/07\/znak-mff.png\",\"contentUrl\":\"https:\/\/cinehill.eu\/wp-content\/uploads\/2019\/07\/znak-mff.png\",\"width\":163,\"height\":164,\"caption\":\"Motovun film festival\"},\"image\":{\"@id\":\"https:\/\/cinehill.eu\/en\/#\/schema\/logo\/image\/\"},\"sameAs\":[\"https:\/\/www.facebook.com\/MotovunFilmFestival\/\"]}]}<\/script>\n<!-- \/ Yoast SEO plugin. -->","yoast_head_json":{"title":"THE FAMILY ep. 5 - Cinehill Film Festival","robots":{"index":"index","follow":"follow","max-snippet":"max-snippet:-1","max-image-preview":"max-image-preview:large","max-video-preview":"max-video-preview:-1"},"canonical":"https:\/\/cinehill.eu\/en\/raspored\/the-family\/","og_locale":"en_US","og_type":"article","og_title":"THE FAMILY ep. 5 - Cinehill Film Festival","og_description":"Controversial TV series focused on the three last days preceding the arrest of Serbia\u2019s former president Slobodan Milo\u0161evi\u0107. The members and friends of the family are trapped in a villa in Belgrade\u2019s luxurious district, surrounded by police, reporters, and protesters. Having lost control over the situation, the family is trying to overcome the crisis before [&hellip;]","og_url":"https:\/\/cinehill.eu\/en\/raspored\/the-family\/","og_site_name":"Cinehill Film Festival","article_publisher":"https:\/\/www.facebook.com\/MotovunFilmFestival\/","article_modified_time":"2021-07-20T10:37:18+00:00","og_image":[{"width":2560,"height":1440,"url":"https:\/\/cinehill.eu\/wp-content\/uploads\/2021\/07\/TheFamily_10-scaled.jpg","type":"image\/jpeg"}],"twitter_card":"summary_large_image","twitter_misc":{"Est. reading time":"1 minute"},"schema":{"@context":"https:\/\/schema.org","@graph":[{"@type":"WebPage","@id":"https:\/\/cinehill.eu\/en\/raspored\/the-family\/","url":"https:\/\/cinehill.eu\/en\/raspored\/the-family\/","name":"THE FAMILY ep. 5 - Cinehill Film Festival","isPartOf":{"@id":"https:\/\/cinehill.eu\/en\/#website"},"primaryImageOfPage":{"@id":"https:\/\/cinehill.eu\/en\/raspored\/the-family\/#primaryimage"},"image":{"@id":"https:\/\/cinehill.eu\/en\/raspored\/the-family\/#primaryimage"},"thumbnailUrl":"https:\/\/cinehill.eu\/wp-content\/uploads\/2021\/07\/TheFamily_10-scaled.jpg","datePublished":"2021-07-14T13:11:02+00:00","dateModified":"2021-07-20T10:37:18+00:00","breadcrumb":{"@id":"https:\/\/cinehill.eu\/en\/raspored\/the-family\/#breadcrumb"},"inLanguage":"en-US","potentialAction":[{"@type":"ReadAction","target":["https:\/\/cinehill.eu\/en\/raspored\/the-family\/"]}]},{"@type":"ImageObject","inLanguage":"en-US","@id":"https:\/\/cinehill.eu\/en\/raspored\/the-family\/#primaryimage","url":"https:\/\/cinehill.eu\/wp-content\/uploads\/2021\/07\/TheFamily_10-scaled.jpg","contentUrl":"https:\/\/cinehill.eu\/wp-content\/uploads\/2021\/07\/TheFamily_10-scaled.jpg","width":2560,"height":1440},{"@type":"BreadcrumbList","@id":"https:\/\/cinehill.eu\/en\/raspored\/the-family\/#breadcrumb","itemListElement":[{"@type":"ListItem","position":1,"name":"Po\u010detna stranica","item":"https:\/\/cinehill.eu\/en\/"},{"@type":"ListItem","position":2,"name":"Rasporedi","item":"https:\/\/cinehill.eu\/en\/raspored\/"},{"@type":"ListItem","position":3,"name":"THE FAMILY ep. 5"}]},{"@type":"WebSite","@id":"https:\/\/cinehill.eu\/en\/#website","url":"https:\/\/cinehill.eu\/en\/","name":"Cinehill Film Festival","description":"Cinehill je festival s du\u0161om!","publisher":{"@id":"https:\/\/cinehill.eu\/en\/#organization"},"potentialAction":[{"@type":"SearchAction","target":{"@type":"EntryPoint","urlTemplate":"https:\/\/cinehill.eu\/en\/?s={search_term_string}"},"query-input":{"@type":"PropertyValueSpecification","valueRequired":true,"valueName":"search_term_string"}}],"inLanguage":"en-US"},{"@type":"Organization","@id":"https:\/\/cinehill.eu\/en\/#organization","name":"Motovun film festival","url":"https:\/\/cinehill.eu\/en\/","logo":{"@type":"ImageObject","inLanguage":"en-US","@id":"https:\/\/cinehill.eu\/en\/#\/schema\/logo\/image\/","url":"https:\/\/cinehill.eu\/wp-content\/uploads\/2019\/07\/znak-mff.png","contentUrl":"https:\/\/cinehill.eu\/wp-content\/uploads\/2019\/07\/znak-mff.png","width":163,"height":164,"caption":"Motovun film festival"},"image":{"@id":"https:\/\/cinehill.eu\/en\/#\/schema\/logo\/image\/"},"sameAs":["https:\/\/www.facebook.com\/MotovunFilmFestival\/"]}]}},"_links":{"self":[{"href":"https:\/\/cinehill.eu\/en\/wp-json\/wp\/v2\/ajde_events\/30963","targetHints":{"allow":["GET"]}}],"collection":[{"href":"https:\/\/cinehill.eu\/en\/wp-json\/wp\/v2\/ajde_events"}],"about":[{"href":"https:\/\/cinehill.eu\/en\/wp-json\/wp\/v2\/types\/ajde_events"}],"author":[{"embeddable":true,"href":"https:\/\/cinehill.eu\/en\/wp-json\/wp\/v2\/users\/5"}],"replies":[{"embeddable":true,"href":"https:\/\/cinehill.eu\/en\/wp-json\/wp\/v2\/comments?post=30963"}],"version-history":[{"count":2,"href":"https:\/\/cinehill.eu\/en\/wp-json\/wp\/v2\/ajde_events\/30963\/revisions"}],"predecessor-version":[{"id":30993,"href":"https:\/\/cinehill.eu\/en\/wp-json\/wp\/v2\/ajde_events\/30963\/revisions\/30993"}],"wp:featuredmedia":[{"embeddable":true,"href":"https:\/\/cinehill.eu\/en\/wp-json\/wp\/v2\/media\/30142"}],"wp:attachment":[{"href":"https:\/\/cinehill.eu\/en\/wp-json\/wp\/v2\/media?parent=30963"}],"wp:term":[{"taxonomy":"post_tag","embeddable":true,"href":"https:\/\/cinehill.eu\/en\/wp-json\/wp\/v2\/tags?post=30963"},{"taxonomy":"event_type","embeddable":true,"href":"https:\/\/cinehill.eu\/en\/wp-json\/wp\/v2\/event_type?post=30963"},{"taxonomy":"event_type_2","embeddable":true,"href":"https:\/\/cinehill.eu\/en\/wp-json\/wp\/v2\/event_type_2?post=30963"}],"curies":[{"name":"wp","href":"https:\/\/api.w.org\/{rel}","templated":true}]}}

<p>Controversial TV series focused on the three last days preceding the arrest of Serbia’s former president Slobodan Milošević. The members and friends of the family are trapped in a villa in Belgrade’s luxurious district, surrounded by police, reporters, and protesters. Having lost control over the situation, the family is trying to overcome the crisis before their inevitable fall. Milošević and his wife are played by Boris Isaković (<em>Quo Vadis, Aida?</em>, <em>Muškarci ne plaču</em>) and Mirjana Karanović (<em>Gospođica</em>, <em>Grbavica</em>, <em>Mare</em>).</p>

<!-- This site is optimized with the Yoast SEO plugin v26.9 - https://yoast.com/product/yoast-seo-wordpress/ -->
<title>THE FAMILY ep. 5 - Cinehill Film Festival</title>
<meta name="robots" content="index, follow, max-snippet:-1, max-image-preview:large, max-video-preview:-1" />
<link rel="canonical" href="https://cinehill.eu/en/raspored/the-family/" />
<meta property="og:locale" content="en_US" />
<meta property="og:type" content="article" />
<meta property="og:title" content="THE FAMILY ep. 5 - Cinehill Film Festival" />
<meta property="og:description" content="Controversial TV series focused on the three last days preceding the arrest of Serbia’s former president Slobodan Milošević. The members and friends of the family are trapped in a villa in Belgrade’s luxurious district, surrounded by police, reporters, and protesters. Having lost control over the situation, the family is trying to overcome the crisis before [&hellip;]" />
<meta property="og:url" content="https://cinehill.eu/en/raspored/the-family/" />
<meta property="og:site_name" content="Cinehill Film Festival" />
<meta property="article:publisher" content="https://www.facebook.com/MotovunFilmFestival/" />
<meta property="article:modified_time" content="2021-07-20T10:37:18+00:00" />
<meta property="og:image" content="https://cinehill.eu/wp-content/uploads/2021/07/TheFamily_10-scaled.jpg" />
	<meta property="og:image:width" content="2560" />
	<meta property="og:image:height" content="1440" />
	<meta property="og:image:type" content="image/jpeg" />
<meta name="twitter:card" content="summary_large_image" />
<meta name="twitter:label1" content="Est. reading time" />
	<meta name="twitter:data1" content="1 minute" />
<script type="application/ld+json" class="yoast-schema-graph">{"@context":"https://schema.org","@graph":[{"@type":"WebPage","@id":"https://cinehill.eu/en/raspored/the-family/","url":"https://cinehill.eu/en/raspored/the-family/","name":"THE FAMILY ep. 5 - Cinehill Film Festival","isPartOf":{"@id":"https://cinehill.eu/en/#website"},"primaryImageOfPage":{"@id":"https://cinehill.eu/en/raspored/the-family/#primaryimage"},"image":{"@id":"https://cinehill.eu/en/raspored/the-family/#primaryimage"},"thumbnailUrl":"https://cinehill.eu/wp-content/uploads/2021/07/TheFamily_10-scaled.jpg","datePublished":"2021-07-14T13:11:02+00:00","dateModified":"2021-07-20T10:37:18+00:00","breadcrumb":{"@id":"https://cinehill.eu/en/raspored/the-family/#breadcrumb"},"inLanguage":"en-US","potentialAction":[{"@type":"ReadAction","target":["https://cinehill.eu/en/raspored/the-family/"]}]},{"@type":"ImageObject","inLanguage":"en-US","@id":"https://cinehill.eu/en/raspored/the-family/#primaryimage","url":"https://cinehill.eu/wp-content/uploads/2021/07/TheFamily_10-scaled.jpg","contentUrl":"https://cinehill.eu/wp-content/uploads/2021/07/TheFamily_10-scaled.jpg","width":2560,"height":1440},{"@type":"BreadcrumbList","@id":"https://cinehill.eu/en/raspored/the-family/#breadcrumb","itemListElement":[{"@type":"ListItem","position":1,"name":"Početna stranica","item":"https://cinehill.eu/en/"},{"@type":"ListItem","position":2,"name":"Rasporedi","item":"https://cinehill.eu/en/raspored/"},{"@type":"ListItem","position":3,"name":"THE FAMILY ep. 5"}]},{"@type":"WebSite","@id":"https://cinehill.eu/en/#website","url":"https://cinehill.eu/en/","name":"Cinehill Film Festival","description":"Cinehill je festival s dušom!","publisher":{"@id":"https://cinehill.eu/en/#organization"},"potentialAction":[{"@type":"SearchAction","target":{"@type":"EntryPoint","urlTemplate":"https://cinehill.eu/en/?s={search_term_string}"},"query-input":{"@type":"PropertyValueSpecification","valueRequired":true,"valueName":"search_term_string"}}],"inLanguage":"en-US"},{"@type":"Organization","@id":"https://cinehill.eu/en/#organization","name":"Motovun film festival","url":"https://cinehill.eu/en/","logo":{"@type":"ImageObject","inLanguage":"en-US","@id":"https://cinehill.eu/en/#/schema/logo/image/","url":"https://cinehill.eu/wp-content/uploads/2019/07/znak-mff.png","contentUrl":"https://cinehill.eu/wp-content/uploads/2019/07/znak-mff.png","width":163,"height":164,"caption":"Motovun film festival"},"image":{"@id":"https://cinehill.eu/en/#/schema/logo/image/"},"sameAs":["https://www.facebook.com/MotovunFilmFestival/"]}]}</script>
<!-- / Yoast SEO plugin. -->

Controversial TV series focused on the three last days preceding the arrest of Serbia’s former president Slobodan Milošević. The members and friends of the family are trapped in a villa in Belgrade’s luxurious district, surrounded by police, reporters, and protesters. Having lost control over the situation, the family is trying to overcome the crisis before [&hellip;]

Početna stranica

Cinehill je festival s dušom!
